 d(y) = -31174*y**3 - y**2 - 5*y - 3. Let m be d(-1). Suppose -b = 3*u - m, -2*u - 20772 = -4*u + 5*b. Is u prime?
True
Suppose 15*g = 2283505 - 253693 + 369843. Is g a composite number?
False
Let p(r) = 2*r**2 + 7*r - 3. Let h be p(-6). Suppose 75 - h = 4*z + 3*d, 2*d - 53 = -5*z. Suppose 4*n - z*n + 3175 = 0. Is n composite?
True
Suppose 0 = -764*q + 766*q - 170574. Is q a composite number?
True
Suppose 0*b - 5028888 = -2*c - 2*b, 0 = 5*c + 4*b - 12572225. Is c prime?
False
Suppose -5*n = 3*m - 45567, -n - 60710 = 18*m - 22*m. Is m a composite number?
True
Suppose -117671 - 114601 = 5*c - 3*a, -c = 3*a + 46458. Is (-4 - (-20)/6)*c/10 prime?
False
Let k be 14/(-6)*1*(-6)/7. Is (1/k)/((-1)/(-9566)) a prime number?
True
Let t be (-7 + -5 + 13)*-2. Is 3/t*(-395274)/99 a prime number?
False
Let v(i) = -i**3 + 2*i**2 - 102*i - 1347. Is v(-12) composite?
True
Suppose -5*o + 5*n = -9845, -5*o - 2208 = 4*n - 12062. Suppose -7*f + 2447 = -o. Is f a prime number?
True
Let l = -349 - -349. Suppose -3*u + 53 + 40 = l. Is u a prime number?
True
Suppose 14*r - 31 = 39. Suppose -b - 4123 = 15*x - 16*x, r*x = -2*b + 20643. Is x composite?
False
Suppose 0 = 15*c - 992570 - 470935. Is c prime?
False
Let k(b) = 2102*b - 43. Let p be k(5). Suppose 6*y - 15*y + p = 0. Is y a prime number?
True
Let x(w) = -1297*w + 53. Suppose 13*a + 49 + 29 = 0. Is x(a) a composite number?
True
Let d be ((-1 - -1) + -1)/1. Let b(l) = -l + 1. Let j(k) = -30*k - 5. Let p(o) = 6*b(o) + j(o). Is p(d) a composite number?
False
Suppose 5*x = -2*v + 20, 10*x - 6*x + 4*v = 4. Let r(t) = -125*t - 68. Let g(h) = 42*h + 23. Let d(f) = -17*g(f) - 6*r(f). Is d(x) composite?
False
Let j be (-14)/(-21) - (-8)/(-12). Suppose 2*a + 4140 - 546 = 4*k, a + 1 = j. Is k*(-4 + 9/2) composite?
False
Let c = -88309 + 128714. Is c composite?
True
Let q(m) = 74*m**2 - 21*m + 6. Let l(k) = -74*k**2 + 22*k - 6. Let n(y) = -2*l(y) - 3*q(y). Let a(o) be the first derivative of n(o). Is a(-6) a prime number?
True
Let w(n) = -19*n - 34. Let c be w(-2). Suppose 4*k + 1719 = q - k, -k + 6834 = c*q. Is q composite?
False
Suppose 96 + 289 = 11*c. Suppose 34*s - c*s = -3493. Is s composite?
True
Let v(x) = -2*x**3. Let t be v(-1). Suppose 2*u + t*u = 10692. Is 2/(-7) + u/21 prime?
True
Is (-6758 - -4)/(-1) + 16 + -21 a prime number?
False
Let s(n) = -82*n + 168. Let k be s(2). Let b(a) = 4*a**2 + 1. Let y be b(-1). Suppose -2*u = d - 372, 4*u + 195 = y*u - k*d. Is u a prime number?
False
Let f(r) = -r**3 + 2*r. Let s be f(2). Let t be (-485730)/(-56) + (1 - 2)/s. Suppose 21403 = 4*u - 3*v + t, -5*v = -2*u + 6361. Is u a composite number?
True
Is ((-6)/9)/(12 + 1016990/(-84747)) a prime number?
False
Let k(i) = -2*i**2 + 1. Let n(x) = -2430*x**2 + 9*x + 10. Let d(j) = -5*k(j) - n(j). Is d(-2) a composite number?
True
Let k(l) = -6*l**2 - 7*l - 3. Let a be k(-1). Let i = 75 - -320. Let c = a + i. Is c prime?
False
Let r be ((-2)/6)/((-2)/((-24)/2)). Let p be (4/6)/((r/12)/(-1)). Suppose -p*w = -29992 + 4308. Is w composite?
False
Suppose -22*v + 3856282 = 239682 - 728554. Is v a prime number?
True
Let b = -13 + -11. Let m = b + 104. Let x = m - -1319. Is x composite?
False
Suppose y = -6*y + 6*y. Suppose -4*z + y*p + 6 = p, 5*z - p = 12. Is (8 + -1)/(z - 33/17) a prime number?
False
Let v(m) = m**3 - 17*m**2. Let k be v(17). Suppose -9*h + 3629 + 457 = k. Suppose 3*y = -97 + h. Is y a prime number?
False
Suppose -11*q = -1 + 1. Let o(x) = 143*x + 237 - 247 + q*x. Is o(3) composite?
False
Suppose -4*h = 4*z - 53 + 9, h + 4*z + 4 = 0. Is (206/(-4))/((-8)/h) composite?
False
Let h(t) = 10728*t**2 + 5*t + 4. Let w = -209 + 208. Is h(w) a composite number?
True
Let d = -110 + 116. Suppose -4*b + d*b = 2*r, 0 = 2*r + 10. Is ((-25)/b)/10*2722 a composite number?
False
Let m(f) = 16324*f + 3. Let h be m(1). Suppose 0 = 2*y - 2*z + 6375 - h, -4*y + 19898 = -z. Is y/12 + 3/(-6) + 1 a composite number?
True
Let l = 17 + -41. Let y(w) = -5*w**2 - 15*w - 35. Let s(q) = 9*q**2 + 32*q + 69. Let c(j) = 4*s(j) + 7*y(j). Is c(l) a prime number?
False
Suppose 1894 = 13*i - 14265. Suppose 45*l + i = 46*l. Is l prime?
False
Let u = -271822 - -394473. Is u composite?
False
Let u(m) = -m**2 + 22*m - 1. Let q be u(21). Suppose -4*c + 8*c = q. Suppose -2*j = -c*f + 4139, 5*f + 5*j - 2197 = 1963. Is f prime?
True
Let g(s) = 8235*s - 1706. Is g(5) composite?
True
Let p(i) = i**3 + 31*i**2 - 36*i - 62. Let u be p(-27). Let z(a) = a + 3835. Let l be z(0). Suppose -5*h + l = 4*s, -u = -4*s - 0*h - 2*h. Is s a prime number?
False
Suppose 0*l + l = 3, l = -2*s + 11. Suppose -s*m = 19 + 13. Is ((-1166)/4)/(4/m) prime?
False
Suppose -4*v = 1044 + 408. Let r = 670 + v. Is r a prime number?
True
Suppose 0 = q - 230 + 1376. Let i = q + 2243. Suppose 3*b + 3*v = 1473, -2*b = -4*v - i + 115. Is b prime?
True
Suppose 71*l - 16702974 - 25995829 = 8755536. Is l a prime number?
False
Suppose 5*c + y + 318999 - 1029657 = 0, 0 = 4*c - y - 568539. Is c prime?
False
Let l = -402448 - -604895. Is l prime?
False
Let r = -1102 - 4029. Let x = -8626 - r. Let o = x + 7130. Is o a composite number?
True
Suppose 3*f + 3*j - 3306 = 0, 0 = 7*j - 4*j + 15. Let t = -1847 + f. Let x = 171 - t. Is x composite?
False
Let k(d) = 297*d + 29. Let x be 11 + 2*(-1)/2. Is k(x) prime?
True
Is 172105*28/140*11/1 composite?
True
Let w be (-4 + 4)*-1*-1. Suppose w = n - 2*n + 2, a + 5*n - 108 = 0. Is (-2)/(-7) - (-48286)/a composite?
True
Suppose 13*g = 8*g + 3*i + 1077319, -3*g + 3*i = -646389. Is g prime?
False
Let m = -272 + 242. Is 13535/m*(-12)/2 prime?
True
Let q be (-1 - -5 - -1)*(-126)/(-315). Suppose 3*l - q*n = 4261, -3*l + n = -1334 - 2922. Is l prime?
False
Let x be (4/10)/(1/5). Suppose 3*n - o = -x*o + 15187, 4*n - 20245 = 3*o. Suppose 14*h - n - 6824 = 0. Is h a composite number?
True
Suppose -3*a = -0*b + 5*b - 40, 4*a - 30 = -2*b. Suppose -b*x + 8310 = g - 6*g, -5*x + 4*g + 8305 = 0. Is x a prime number?
True
Let i(r) = 264*r**2 + 5 + 3*r + 240*r**2 - 733*r**2 + 285*r**2 + 7. Let y = -6 + 1. Is i(y) a composite number?
True
Suppose -p - 14 = 4*b + 4, 5*p + 2*b = 0. Suppose 0 = -3*l + j + 7, p*l - j = -3*j + 10. Is (-15)/l + 5 + 2515 a prime number?
False
Let t = 10 - 3. Let y be 1*(t + (-12)/4). Suppose -o = 3*k - 74, 4*o + 129 = y*k + 409. Is o a composite number?
False
Suppose -27*z + 22*z + 15 = 0. Suppose 0 = -5*y - 6*r + z*r + 31, 1 = -y + 3*r. Suppose -5*s - 630 = -y*n, 4*s + 11 = -1. Is n composite?
True
Let a(y) = y**3 - 7*y**2 - 21*y + 18. Let t be a(16). Suppose -4*c + 4*g = -1988, -6*g + t = 4*c - 11*g. Is c composite?
False
Let b = 259 - 259. Suppose -72*m + 74*m - 6458 = b. Is m prime?
True
Is (136/(-20)*137810/16)/(1/(-4)) a composite number?
True
Let n = -294 - -650. Let m = 31 - 27. Suppose -m*i = -n - 152. Is i composite?
False
Suppose 5*i + 189*s - 191*s + 8 = 0, 16 = 4*i + 4*s. Let w = 15 + -9. Is i - -1570 - 12*w/24 a composite number?
False
Suppose -8*k + 157839 = -5*k + 3*f, -3*f + 12 = 0. Is k composite?
False
Suppose -q + 4 + 1 = -2*i, 2*q = i + 10. Suppose -3*b + 363 = 3*r, 484 = -9*r + 13*r - q*b. Is r composite?
True
Let c be 2/(0 - (-4)/(-9634)). Let j = c - -7522. Suppose 5*o + 0*o = j. Is o a composite number?
False
Is (21/36 - 1/4)/(47/244786011) prime?
True
Let v be (-4)/5 + 6/(-30)*-49. Suppose -v*b - 407 = -6743. Suppose 2*x - b = 3*t, 3*x - 2*t = 2*t + 1057. Is x a composite number?
True
Let m be (1/2)/(-3*6/216). Is ((-14826)/(-35))/(m/(-15)) a composite number?
True
Let i = -142 - -146. Suppose -3*x + 59860 = 5*q - 0*q, -i*x - 59825 = -5*q. Is q a prime number?
True
Suppose -9*t = -767 + 272. Let q = t + -53. Suppose -5*i + 4680 = 5*k, 0*k - 5*i = -q*k + 1907. Is k prime?
True
Let b = 65106 + -39007. Suppose v - b = y, 3*v + 5*y - 130495 = -2*v. Is v a composite number?
False
Suppose 454*i + 10894891 - 117937078 = -5633569. Is i composite?
False
Let q(h) = -2*h**2 + 21*h + 12. Let f be q(11). Suppose 0 = 5*j - 5*n - 15, n + f = 2. Suppose 0 = -4*g + a + 568, 15 = j*a - 1. Is g a composite number?
True
Suppose 22*h - 393507 + 221127 - 428726 = 0. Is h a prime number?
False
Let w be 11490/60 + 2/(-4). Let y(t) = 15*t**2 - 4*t - 2. Let m be y(4). Suppose w = 7*j - m. Is j a prime number?
True
Let u(c) be the third derivative of 0 + 0